e
Is 27 a factor of 899853938?
False
Does 4052 divide 5415185996?
True
Is 2231473050 a multiple of 47?
True
Is 253991725 a multiple of 13?
True
Does 15 divide 16769325?
True
Does 460 divide 190435400?
True
Is 918066576 a multiple of 5?
False
Does 12 divide 474366670?
False
Does 124 divide 31311448?
False
Is 10312 a factor of 1098310496?
True
Does 3547 divide 915963527?
False
Does 10 divide 69225500?
True
Does 95 divide 44298330?
False
Is 14 a factor of 49474558?
True
Is 58 a factor of 161798308?
True
Is 14832324 a multiple of 533?
True
Is 331 a factor of 74305528?
True
Does 5 divide 561188950?
True
Is 1441 a factor of 90709973?
False
Does 67 divide 1693066751?
True
Is 2131 a factor of 24221661?
False
Is 16213384 a multiple of 4?
True
Is 2563 a factor of 174591560?
True
Is 13944747 a multiple of 2367?
False
Is 29443218 a multiple of 2499?
True
Is 20797912 a multiple of 8?
True
Does 802 divide 11865298?
False
Is 39 a factor of 1156630549?
False
Is 173 a factor of 92444972?
True
Is 31 a factor of 2720794606?
False
Does 1251 divide 35963612?
False
Is 2954397 a multiple of 241?
False
Does 990 divide 42986790?
True
Is 3390 a factor of 1082896009?
False
Is 182 a factor of 2104054889?
False
Is 40 a factor of 115090840?
True
Is 10 a factor of 6019380?
True
Does 19 divide 247927?
False
Is 424 a factor of 1404715562?
False
Is 66 a factor of 102823578?
True
Does 47 divide 616371395?
True
Is 808721975 a multiple of 25?
True
Does 743 divide 21112443?
False
Is 3715848407 a multiple of 12?
False
Is 864 a factor of 2348141184?
True
Is 293305095 a multiple of 45?
True
Is 264793990 a multiple of 35?
False
Is 270182485 a multiple of 790?
False
Is 44732818 a multiple of 859?
False
Does 272 divide 3221653?
False
Is 33879270 a multiple of 70?
False
Does 2305 divide 35457815?
True
Is 144 a factor of 624792809?
False
Does 3659 divide 78053788?
True
Is 95 a factor of 351959596?
False
Does 10 divide 542399390?
True
Does 77 divide 134224913?
False
Is 6 a factor of 350341152?
True
Is 7640352 a multiple of 666?
True
Is 393597224 a multiple of 65?
False
Does 19 divide 8426943?
False
Is 38239875 a multiple of 683?
False
Is 391 a factor of 438598868?
False
Is 101354908 a multiple of 575?
False
Is 72 a factor of 19462813?
False
Is 2604 a factor of 751790424?
True
Is 9 a factor of 2140074?
True
Is 12256112 a multiple of 176?
True
Does 19 divide 81821848?
False
Is 106 a factor of 130376503?
False
Does 98 divide 45147310?
False
Does 2242 divide 59950615?
False
Does 7 divide 163545198?
False
Does 12 divide 243435842?
False
Is 426015698 a multiple of 11?
False
Does 617 divide 177878015?
True
Is 415688097 a multiple of 2533?
True
Does 237 divide 415498391?
False
Does 6 divide 117803389?
False
Does 2070 divide 34134300?
True
Is 101 a factor of 784178948?
True
Does 10 divide 248026518?
False
Is 1029 a factor of 343456533?
True
Does 736 divide 14660382?
False
Is 518724462 a multiple of 159?
True
Does 145 divide 195518725?
True
Is 666991674 a multiple of 377?
False
Is 155 a factor of 6274101?
False
Does 43 divide 4585833370?
False
Does 2 divide 80486301?
False
Does 9 divide 29789004?
False
Is 48 a factor of 4037453424?
True
Does 121 divide 840169792?
True
Is 75 a factor of 14169269?
False
Does 515 divide 23833990?
False
Is 1136 a factor of 684608128?
True
Does 1183 divide 167391253?
False
Is 1279305636 a multiple of 518?
True
Does 2 divide 12931667?
False
Does 3604 divide 21386136?
True
Does 49 divide 3562058?
False
Is 1831753776 a multiple of 606?
True
Is 473621936 a multiple of 8?
True
Is 17372585 a multiple of 190?
False
Is 330845305 a multiple of 105?
False
Does 39 divide 19022562?
True
Does 21 divide 110497208?
False
Does 4 divide 104118864?
True
Is 20 a factor of 2836254980?
True
Is 66880518 a multiple of 726?
False
Does 5723 divide 210218140?
False
Is 8288625 a multiple of 87?
False
Is 618 a factor of 450573002?
False
Is 364488344 a multiple of 14?
False
Is 28 a factor of 499796087?
False
Is 75 a factor of 170623950?
True
Is 12 a factor of 6161670?
False
Is 615341475 a multiple of 21?
True
Is 1520 a factor of 505277397?
False
Is 286170985 a multiple of 5?
True
Is 44 a factor of 133526800?
True
Does 837 divide 7009875?
True
Is 13976645 even?
False
Does 396 divide 156291300?
True
Does 950 divide 285457784?
False
Is 1223 a factor of 403286685?
False
Is 2571 a factor of 2015759127?
True
Is 519 a factor of 12201690?
True
Does 324 divide 430309335?
False
Is 75748308 a multiple of 377?
False
Is 161 a factor of 408564887?
False
Does 1223 divide 3954835891?
True
Is 715 a factor of 562463330?
True
Is 1669 a factor of 24047904?
False
Does 346 divide 1024932267?
False
Is 403 a factor of 3387620?
False
Is 115 a factor of 221693895?
True
Is 263005690 a multiple of 23?
True
Does 44 divide 66535042?
False
Is 5504462 a multiple of 21?
False
Is 19979644 a multiple of 114?
False
Is 252 a factor of 348908616?
True
Is 2 a factor of 92815462?
True
Is 822715030 a multiple of 1161?
False
Is 26 a factor of 54354612?
True
Is 832 a factor of 35810705?
False
Does 141 divide 8817294?
True
Does 10 divide 30596103?
False
Is 62813569 a multiple of 10?
False
Is 34 a factor of 3879477282?
True
Does 13 divide 100881431?
False
Is 57716729 a multiple of 528?
False
Is 4227804 a multiple of 57?
True
Does 13 divide 86409717?
False
Is 499 a factor of 214437765?
True
Does 1755 divide 5464919070?
True
Is 19595629 a multiple of 7?
False
Is 742 a factor of 34170584?
True
Does 29 divide 81808101?
True
Does 5 divide 67432412?
False
Is 258 a factor of 53432480?
False
Does 120 divide 35286600?
True
Does 44 divide 371564204?
True
Does 11 divide 11999779?
True
Is 173 a factor of 16877534?
True
Is 5942368 a multiple of 32?
True
Does 20 divide 3280169380?
True
Is 892 a factor of 189362680?
True
Is 51580650 a multiple of 25?
True
Is 2 a factor of 33416913?
False
Does 3 divide 310624739?
False
Is 209275840 a multiple of 335?
True
Is 437541 a multiple of 13?
True
Is 17 a factor of 109966865?
False
Is 204 a factor of 900920100?
True
Is 236096714 a multiple of 1106?
True
Is 10 a factor of 43976940?
True
Does 12 divide 1000570116?
True
Does 875 divide 118169576?
False
Does 39 divide 13706472?
True
Is 29239686 a multiple of 2289?
True
Does 1286 divide 28121324?
False
Is 648 a factor of 29494719?
False
Does 114 divide 16044702?
True
Is 4 a factor of 2344805?
False
Is 603504 a multiple of 99?
True
Is 64333120 a multiple of 195?
False
Is 141165267 a multiple of 4026?
False
Is 18 a factor of 28397956?
False
Is 24 a factor of 1083351528?
True
Is 2 a factor of 9557474?
True
Does 232 divide 1907272?
True
Is 4 a factor of 181570309?
False
Does 20 divide 19605073?
False
Is 2208488091 a multiple of 6333?
True
Is 6 a factor of 175739922?
True
Does 25 divide 258125841?
False
Is 627 a factor of 5193441?
True
Is 15 a factor of 811117530?
True
Does 108 divide 32948446?
False
Is 12488 a factor of 2076471361?
False
Is 32 a factor of 13260692?
False
Is 90360081 a multiple of 65?
False
Is 1029585381 a multiple of 1639?
True
Is 390628627 a multiple of 429?
False
Is 9246526 a multiple of 1781?
False
Does 706 divide 526347?
False
Does 28 divide 49848748?
False
Is 298467752 a multiple of 248?
True
Does 122 divide 290331186?
False
Is 138111400 a multiple of 25?
True
Is 74 a factor of 1411598979?
False
Does 935 divide 372995714?
False
Is 709 a factor of 570963372?
True
Does 284 divide 60217372?
True
Does 693 divide 119447066?
False
Is 25 a factor of 657065267?
False
Is 245470045 a multiple of 332?
False
Is 558394506 a multiple of 107?
False
Does 61 divide 224592846?
False
Is 64233798 a multiple of 82?
True
Is 72 a factor of 100192116?
False
Does 20 divide 23350245?
False
Does 1050 divide 1718641174?
False
Is 11268575 a multiple of 25?
True
Is 189837930 a multiple of 12?
False
Does 1878 divide 132590253?
False
Is 481223137 a multiple of 31?
True
Does 1267 divide 77228718?
True
Does 15 divide 292093275?
True
Is 80 a factor of 19340560?
True
Is 42 a factor of 210059814?
False
Does 6 divide 18891528?
True
Is 410394904 a multiple of 47?
False
Is 3466 a factor of 12690705?
False
Is 47235183 a multiple of 116?
False
Is 13 a factor of 30538001?
True
Is 31 a factor of 116112577?
True
Does 205 divide 427489780?
True
Is 435 a factor of 456084885?
True
Is 32810096 a mul